{"id":2,"date":"2022-04-07T15:01:45","date_gmt":"2022-04-07T13:01:45","guid":{"rendered":"http:\/\/atelierdanse.info\/?page_id=2"},"modified":"2024-07-04T11:43:57","modified_gmt":"2024-07-04T09:43:57","slug":"isabelle-botti","status":"publish","type":"page","link":"https:\/\/www.atelierdanse.info\/index.php\/isabelle-botti\/","title":{"rendered":"Isabelle Botti"},"content":{"rendered":"\t\t<div data-elementor-type=\"wp-page\" data-elementor-id=\"2\" class=\"elementor elementor-2\">\n\t\t\t\t\t\t<section class=\"elementor-section elementor-top-section elementor-element elementor-element-5165d6b8 elementor-section-boxed elementor-section-height-default elementor-section-height-default\" data-id=\"5165d6b8\" data-element_type=\"section\">\n\t\t\t\t\t\t<div class=\"elementor-container elementor-column-gap-default\">\n\t\t\t\t\t<div class=\"elementor-column elementor-col-50 elementor-top-column elementor-element elementor-element-8f4257\" data-id=\"8f4257\" data-element_type=\"column\">\n\t\t\t<div class=\"elementor-widget-wrap elementor-element-populated\">\n\t\t\t\t\t\t<div class=\"elementor-element elementor-element-744e5d0 elementor-widget elementor-widget-image\" data-id=\"744e5d0\" data-element_type=\"widget\" data-widget_type=\"image.default\">\n\t\t\t\t<div class=\"elementor-widget-container\">\n\t\t\t\t\t\t\t\t\t\t\t\t\t\t\t<img fetchpriority=\"high\" decoding=\"async\" width=\"400\" height=\"600\" src=\"https:\/\/www.atelierdanse.info\/wp-content\/uploads\/2022\/07\/Isa6.jpg\" class=\"attachment-large size-large wp-image-659\" alt=\"\" srcset=\"https:\/\/www.atelierdanse.info\/wp-content\/uploads\/2022\/07\/Isa6.jpg 400w, https:\/\/www.atelierdanse.info\/wp-content\/uploads\/2022\/07\/Isa6-200x300.jpg 200w\" sizes=\"(max-width: 400px) 100vw, 400px\" \/>\t\t\t\t\t\t\t\t\t\t\t\t\t\t\t<\/div>\n\t\t\t\t<\/div>\n\t\t\t\t<div class=\"elementor-element elementor-element-fa7b73b elementor-widget elementor-widget-image\" data-id=\"fa7b73b\" data-element_type=\"widget\" data-widget_type=\"image.default\">\n\t\t\t\t<div class=\"elementor-widget-container\">\n\t\t\t\t\t\t\t\t\t\t\t\t\t\t\t<img decoding=\"async\" width=\"250\" height=\"300\" src=\"https:\/\/www.atelierdanse.info\/wp-content\/uploads\/2022\/05\/IsaDanse-250x300.jpg\" class=\"attachment-medium size-medium wp-image-216\" alt=\"\" srcset=\"https:\/\/www.atelierdanse.info\/wp-content\/uploads\/2022\/05\/IsaDanse-250x300.jpg 250w, https:\/\/www.atelierdanse.info\/wp-content\/uploads\/2022\/05\/IsaDanse.jpg 540w\" sizes=\"(max-width: 250px) 100vw, 250px\" \/>\t\t\t\t\t\t\t\t\t\t\t\t\t\t\t<\/div>\n\t\t\t\t<\/div>\n\t\t\t\t\t<\/div>\n\t\t<\/div>\n\t\t\t\t<div class=\"elementor-column elementor-col-50 elementor-top-column elementor-element elementor-element-08c377d\" data-id=\"08c377d\" data-element_type=\"column\">\n\t\t\t<div class=\"elementor-widget-wrap elementor-element-populated\">\n\t\t\t\t\t\t<div class=\"elementor-element elementor-element-c6e2a06 elementor-widget elementor-widget-heading\" data-id=\"c6e2a06\" data-element_type=\"widget\" data-widget_type=\"heading.default\">\n\t\t\t\t<div class=\"elementor-widget-container\">\n\t\t\t\t\t<h2 class=\"elementor-heading-title elementor-size-default\">ISABELLE BOTTI<\/h2>\t\t\t\t<\/div>\n\t\t\t\t<\/div>\n\t\t\t\t<div class=\"elementor-element elementor-element-20ac17a elementor-widget elementor-widget-heading\" data-id=\"20ac17a\" data-element_type=\"widget\" data-widget_type=\"heading.default\">\n\t\t\t\t<div class=\"elementor-widget-container\">\n\t\t\t\t\t<h2 class=\"elementor-heading-title elementor-size-default\">Professeur de danse classique et contemporaine dipl\u00f4m\u00e9e d\u2019Etat<\/h2>\t\t\t\t<\/div>\n\t\t\t\t<\/div>\n\t\t\t\t<div class=\"elementor-element elementor-element-97d412b elementor-widget elementor-widget-text-editor\" data-id=\"97d412b\" data-element_type=\"widget\" data-widget_type=\"text-editor.default\">\n\t\t\t\t<div class=\"elementor-widget-container\">\n\t\t\t\t\t\t\t\t\t<div class=\"single-post-wrap entry-content\"><p>Form\u00e9e \u00e0 la danse classique et contemporaine d\u00e8s l\u2019\u00e2ge de six ans au Conservatoire de Clermont-Ferrand, Isabelle Botti a ensuite poursuivit ses \u00e9tudes \u00e0 Poitiers o\u00f9 elle a obtenu son dipl\u00f4me d\u2019Etat de Professeur de danse en 2003. En 20 ans d\u2019enseignement, elle a dispens\u00e9 des cours de danse classique et contemporaine dans plusieurs structures associatives et aussi au sein de plusieurs conservatoires : \u00e0 Poitiers (86), Yerres (91), Roissy en France (95), Tremblay en France (93) et Livry Gargan (93).<\/p><p>Aujourd\u2019hui c\u2019est au Ch\u00e2telet-en-Brie et \u00e0 Samois-sur-Seine qu\u2019elle a d\u00e9cid\u00e9 de proposer des cours de danse classique et contemporaine pour tous les \u00e2ges et tous niveaux dans un territoire o\u00f9 la danse fait d\u00e9faut.<\/p><\/div>\t\t\t\t\t\t\t\t<\/div>\n\t\t\t\t<\/div>\n\t\t\t\t\t<\/div>\n\t\t<\/div>\n\t\t\t\t\t<\/div>\n\t\t<\/section>\n\t\t\t\t<section class=\"elementor-section elementor-top-section elementor-element elementor-element-ee6e121 elementor-section-boxed elementor-section-height-default elementor-section-height-default\" data-id=\"ee6e121\" data-element_type=\"section\">\n\t\t\t\t\t\t<div class=\"elementor-container elementor-column-gap-default\">\n\t\t\t\t\t<div class=\"elementor-column elementor-col-100 elementor-top-column elementor-element elementor-element-20dc9d7\" data-id=\"20dc9d7\" data-element_type=\"column\">\n\t\t\t<div class=\"elementor-widget-wrap elementor-element-populated\">\n\t\t\t\t\t\t<div class=\"elementor-element elementor-element-2d31a8c elementor-widget elementor-widget-spacer\" data-id=\"2d31a8c\" data-element_type=\"widget\" data-widget_type=\"spacer.default\">\n\t\t\t\t<div class=\"elementor-widget-container\">\n\t\t\t\t\t\t\t<div class=\"elementor-spacer\">\n\t\t\t<div class=\"elementor-spacer-inner\"><\/div>\n\t\t<\/div>\n\t\t\t\t\t\t<\/div>\n\t\t\t\t<\/div>\n\t\t\t\t<div class=\"elementor-element elementor-element-4a9a733 elementor-align-center elementor-widget elementor-widget-button\" data-id=\"4a9a733\" data-element_type=\"widget\" data-widget_type=\"button.default\">\n\t\t\t\t<div class=\"elementor-widget-container\">\n\t\t\t\t\t\t\t\t\t<div class=\"elementor-button-wrapper\">\n\t\t\t\t\t<a class=\"elementor-button elementor-button-link elementor-size-sm\" href=\"http:\/\/atelierdanse.info\/\">\n\t\t\t\t\t\t<span class=\"elementor-button-content-wrapper\">\n\t\t\t\t\t\t\t\t\t<span class=\"elementor-button-text\">Retour \u00e0 la page d'accueil<\/span>\n\t\t\t\t\t<\/span>\n\t\t\t\t\t<\/a>\n\t\t\t\t<\/div>\n\t\t\t\t\t\t\t\t<\/div>\n\t\t\t\t<\/div>\n\t\t\t\t<div class=\"elementor-element elementor-element-c44d1e8 elementor-widget elementor-widget-spacer\" data-id=\"c44d1e8\" data-element_type=\"widget\" data-widget_type=\"spacer.default\">\n\t\t\t\t<div class=\"elementor-widget-container\">\n\t\t\t\t\t\t\t<div class=\"elementor-spacer\">\n\t\t\t<div class=\"elementor-spacer-inner\"><\/div>\n\t\t<\/div>\n\t\t\t\t\t\t<\/div>\n\t\t\t\t<\/div>\n\t\t\t\t\t<\/div>\n\t\t<\/div>\n\t\t\t\t\t<\/div>\n\t\t<\/section>\n\t\t\t\t<\/div>\n\t\t","protected":false},"excerpt":{"rendered":"<p>ISABELLE BOTTI Professeur de danse classique et contemporaine dipl\u00f4m\u00e9e d\u2019Etat Form\u00e9e \u00e0 la danse classique et contemporaine d\u00e8s l\u2019\u00e2ge de six ans au Conservatoire de Clermont-Ferrand, Isabelle Botti a ensuite poursuivit ses \u00e9tudes \u00e0 Poitiers o\u00f9 elle a obtenu son dipl\u00f4me d\u2019Etat de Professeur de danse en 2003. En 20 [&hellip;]<\/p>\n","protected":false},"author":1,"featured_media":97,"parent":0,"menu_order":0,"comment_status":"closed","ping_status":"open","template":"","meta":{"footnotes":""},"class_list":["post-2","page","type-page","status-publish","has-post-thumbnail","hentry"],"_links":{"self":[{"href":"https:\/\/www.atelierdanse.info\/index.php\/wp-json\/wp\/v2\/pages\/2","targetHints":{"allow":["GET"]}}],"collection":[{"href":"https:\/\/www.atelierdanse.info\/index.php\/wp-json\/wp\/v2\/pages"}],"about":[{"href":"https:\/\/www.atelierdanse.info\/index.php\/wp-json\/wp\/v2\/types\/page"}],"author":[{"embeddable":true,"href":"https:\/\/www.atelierdanse.info\/index.php\/wp-json\/wp\/v2\/users\/1"}],"replies":[{"embeddable":true,"href":"https:\/\/www.atelierdanse.info\/index.php\/wp-json\/wp\/v2\/comments?post=2"}],"version-history":[{"count":37,"href":"https:\/\/www.atelierdanse.info\/index.php\/wp-json\/wp\/v2\/pages\/2\/revisions"}],"predecessor-version":[{"id":2291,"href":"https:\/\/www.atelierdanse.info\/index.php\/wp-json\/wp\/v2\/pages\/2\/revisions\/2291"}],"wp:featuredmedia":[{"embeddable":true,"href":"https:\/\/www.atelierdanse.info\/index.php\/wp-json\/wp\/v2\/media\/97"}],"wp:attachment":[{"href":"https:\/\/www.atelierdanse.info\/index.php\/wp-json\/wp\/v2\/media?parent=2"}],"curies":[{"name":"wp","href":"https:\/\/api.w.org\/{rel}","templated":true}]}}